be r(18). Let v be (t + -1)*154/(-44). Let m(o) = o**2 - 10*o - 3. Give m(v).
-24
Let h = -3 + -4. Let y(i) = 93*i + 13. Let d(o) = 249*o + 42. Let l(j) = 3*d(j) - 8*y(j). Determine l(h).
1
Suppose 0 = 6*g - 23*g + 5185. Let i(w) = -3*w + w + 142 - g + 150. Give i(-6).
-1
Let u = 7696 - 7700. Let q(h) = h**3 + 2*h**2 + 4*h + 10. Determine q(u).
-38
Suppose 0 = -5*t + 15, -64*t + 61*t = -2*b - 7. Let v(c) = 11*c**3 + 3*c**2 - 3*c. Determine v(b).
11
Suppose -25*r = -5*w - 21*r, 0 = -w + 5*r. Suppose w = 5*k + 577 - 567. Let n(o) = -o**3 - 3*o**2 - 3*o - 3. Calculate n(k).
-1
Let y(x) = -25*x**2 + 68*x - 45. Let w(q) = 11*q**2 - 31*q + 22. Let g(s) = 9*w(s) + 4*y(s). What is g(-6)?
24
Let x(t) = t**3 + 8*t**2 + 11*t + 25. Suppose -116 - 101 = 31*j. Let s be x(j). Let q(z) = -3*z - 3. Determine q(s).
6
Let y be -2*294/60 + 8/(-40). Let o(p) = -p**3 - 10*p**2 + 2*p + 12. Give o(y).
-8
Let x be (((-28)/(-6))/7)/(8/156). Let u(s) = 1. Let k(j) = -j**3 + 13*j**2 + 6. Let n(t) = -k(t) + 4*u(t). What is n(x)?
-2
Let i = 0 + 0. Let m be (-3 + 2)/((-1)/106). Let r(a) = -24 - m*a + 204*a - a**2 - a**3 - 99*a. Determine r(i).
-24
Let i(p) be the third derivative of -2*p - 1/60*p**5 + 0 - 1/6*p**3 - 22*p**2 - 1/6*p**4. What is i(-5)?
-6
Let h(b) = -b + 20. Let p be h(6). Let u(q) = -3*q + 36. Let c be u(p). Let m(k) = -k + 1. Let n(s) = -5*s + 12. Let f(v) = c*m(v) + n(v). Calculate f(-5).
1
Suppose -5*h - 23 = u, 3*h - 3*u - 11 = -14. Let a be (7/h)/((15/12)/5). Let s(n) = n + 8. What is s(a)?
1
Let x(s) = 3*s**2 + 2*s + 6. Let v(p) = 2*p**2 + p + 4. Let j(o) = -8*v(o) + 5*x(o). Let z = 71 - 69. Let a be (z/4)/((-2)/(-12)). What is j(a)?
-5
Let s be (-20)/35 + (-1416)/(-28). Suppose -52*f + s = -62*f. Let d(t) = -t**3 - 5*t**2 - t - 5. Calculate d(f).
0
Let b(r) = -r - 1024 - 1018 + 3062 + 14*r**2 - 1022. Give b(2).
52
Let v(o) = -4*o + 2. Suppose -n - 280 = -275. Let w(u) = -5*u + 2. Let b(h) = n*w(h) + 6*v(h). Give b(-8).
-6
Suppose -75*r + 14 + 223 = 4*r. Let u(a) be the first derivative of 1/4*a**4 + 3*a**r + 3*a + 3*a**2 - 37. What is u(-8)?
19
Let d(g) = 10*g + 272. Let i be d(-27). Let o(m) = 3*m**i - 57 - 2*m + 4*m + 28 - m**3 + 37. Give o(4).
0
Suppose 3*r + 20 = h - 3*h, -1 = h. Let m(a) = a**3 + 4*a**2 - a - 4. Calculate m(r).
-70
Let t(h) = -5*h**3 - 29*h**2 + 4*h + 45. Let l(c) = c**3 - c + 1. Let f(i) = 6*l(i) + t(i). Calculate f(29).
-7
Let f(q) = -3*q**2 + q - 9. Let x = -119 - -124. Let w(c) = 4*c**2 - c + 11. Let h(t) = x*f(t) + 4*w(t). What is h(-3)?
5
Let r(z) = -6*z + 2 + 13*z - 6 - z**2 - 3. Let j = 12907 - 12900. Determine r(j).
-7
Let u be (1/3)/((666/324)/(-37)). Let s(x) be the third derivative of -x**5/60 - x**4/4 + x**3/2 + 32*x**2. What is s(u)?
3
Let y(o) = 3 + 90*o**2 + 91*o**2 - 178*o**2. Give y(5).
78
Suppose -104 + 62 = 14*k. Let p(l) = -3 - 3*l**2 + 46*l**3 + 4*l**2 - 45*l**3 + 2*l**2. Calculate p(k).
-3
Let g = -75 + 33. Let c be (-2)/4*(g + 42). Let n(a) be the second derivative of a**3/6 - 7*a**2/2 - a. Give n(c).
-7
Let x(u) = -6 + 4 - 1 - 3*u + 14*u. Let h be (-2)/3 + 15/9. Let f be x(h). Let r(p) = -p**2 + 7*p + 5. Calculate r(f).
-3
Let t = 22077 + -44153/2. Let b(k) be the first derivative of -t*k**2 + 9*k - 1. What is b(5)?
4
Let h be (15 + -16 - (-3 + 3)) + -8. Let v(o) = -3*o**3 - 28*o**2 - 2*o + 57. Determine v(h).
-6
Let q be (-3)/12 - (-42)/8. Let k(r) be the third derivative of -1/30*r**5 - r**3 - 107*r**2 + 0 + 1/3*r**4 + 0*r. Determine k(q).
-16
Let p(v) = -2 + v + 2*v - v. Suppose 220 = -93*w + 127. What is p(w)?
-4
Let h(n) be the second derivative of 8*n**3/3 - 15*n**2/2 + 3063*n. What is h(-2)?
-47
Let k(h) be the second derivative of -h**4/6 + 19*h**3/3 - 13*h**2 + 272*h. What is k(18)?
10
Suppose 2*h + 0 = -q + 7, 5*h - 2*q - 31 = 0. Suppose 0 = -5*a - 5*v, 5*a - h*v + 11 = -9. Let k(j) = -3*j**3 - 2*j - 1. Give k(a).
27
Let i(n) = 2*n + 5. Let t(j) = -3*j - 8. Let l = 26 - 23. Suppose l*y + 11 = 4*k, -2*y - y = 4*k + 19. Let h(p) = y*t(p) - 7*i(p). Give h(-3).
2
Let l = 26739 + -26746. Let s(q) = -13*q - 88. Calculate s(l).
3
Let u(g) be the first derivative of -2*g**3 - 13*g**2/2 + 3*g + 1286. Give u(-3).
-12
Let l(p) = -10*p + 14. Let v = -12559 + 12562. Give l(v).
-16
Let t(z) = -z**2 - 7*z - 1. Let u(w) = -w + 2. Let k(y) = 6*y - 9. Let v(a) = k(a) + 5*u(a). Let l(s) = -t(s) - 2*v(s). Determine l(-3).
-7
Let m(o) = -12*o - 2. Let n be m(-2). Let r = n + -22. Suppose 0 = -4*x + 2*c - 30, 5*x + 15 = -2*c - r. Let i(d) = d**3 + 4*d**2 - 5*d + 4. What is i(x)?
4
Suppose 0 = 2*r - 5*r + 228. Suppose -42*o + 2917 = -1930 + 1277. Let x = o - r. Let k(w) = w - 7. What is k(x)?
2
Let a(p) = p**3 + 7*p**2 + p + 5. Let d be (-2 + (-112)/(-3))/((-4)/(-6)). Suppose -4*u + 5*v - d = 0, -4*u + u + 5*v = 46. Give a(u).
-2
Let o be 18 + -15 + (0 - 0). Let p(z) = -z + 5. Let a be p(o). Let m(w) = -a*w - 6*w - 4 + 5*w + 7. What is m(-8)?
27
Let m(p) = 5*p + 11. Let r be (-2)/((2*(4 - 5))/(-2)). What is m(r)?
1
Let v(z) = -5*z - 66. Let d = -1048 + 1033. What is v(d)?
9
Let k(r) be the second derivative of -2*r**3/3 + 3*r**2/2 - r. Let z be 12/(-27)*-877 + 8/36. Let m = -387 + z. What is k(m)?
-9
Let k be 75/(-15) - (-22)/2. Let g(v) be the third derivative of 0*v + 1/2*v**3 + 1/12*v**5 + 10*v**2 + 5/24*v**4 + 0 + 1/120*v**k. Determine g(-4).
-1
Suppose 5*p + 12 = -3*c, 0 = c + 42*p - 39*p. Let v(s) = -20*s - 180. Give v(c).
0
Suppose -m + 10 = -4*x + 26, -14 = -m - 2*x. Suppose -2*p + 3 = 18*s - 19*s, m*s + 39 = -p. Let w(u) = u**3 + 10*u**2 + 9*u + 13. Determine w(s).
13
Let f(w) be the second derivative of -29*w**3/6 - 53*w**2/2 + 477*w. Give f(-2).
5
Let b be 534/(-3) - 6 - 2. Let h = 189 + b. Let l(d) = -d**3 + 5*d**2 - 4*d + 1. Determine l(h).
7
Let j(i) = -i**2 - 3*i + 3. Let w(f) = -38*f - f**2 + 2*f**2 + 72*f - 32*f - 4. Let c(y) = -2*j(y) - 3*w(y). Determine c(-5).
-19
Let i(b) = 3*b. Let a(q) = 13*q + 1. Let w(x) = -2*a(x) + 9*i(x). Let d(j) = 2*j**2 + 7*j + 7. Let r be d(-4). Suppose -r*s - 40 = -3*s. Give w(s).
-7
Suppose -8 = 4*t - 3*u + 16, 5*t + u + 49 = 0. Let g(k) = 7*k**2 + 16*k - 11. Let r(m) = 10*m**2 + 24*m - 17. Let f(z) = -7*g(z) + 5*r(z). Determine f(t).
1
Let z(g) = 84*g - 849. Suppose -338*v + 18 = i - 336*v, -i - 2 = -3*v. Give z(i).
-9
Let a(b) = -32*b + 28. Suppose 11*g = -188 + 1. Let r(q) = 11*q - 10. Let x(o) = g*r(o) - 6*a(o). What is x(1)?
7
Let x be (-2)/(-6)*(12 + 0). Let i(n) be the second derivative of -8*n - 5/2*n**2 - 1/2*n**3 + 0 + 1/20*n**5 - 1/6*n**4. Determine i(x).
15
Let x(d) = -3 - 29*d**3 - 28*d**3 + 91*d**3 + 2*d + d**2 + 4 - 27*d**3. Determine x(-2).
-55
Let h(z) = -z**3 + 7*z**2 - 16*z + 4. Suppose 5*y - 94 = -114, -3*d = 4*y + 7. Determine h(d).
-8
Let c(p) = p + 3. Let h(f) = -f**2 - 19*f - 20. Let y be h(-18). Let z be c(y). Let k(t) = -9 + 2*t**2 - 8 - t + 17 + 17*t**3. What is k(z)?
18
Let u(g) = 4*g + 17*g**2 - 9*g**2 + 4*g + g**3 + 0*g**3 + 19. Calculate u(-7).
12
Let h(l) be the second derivative of l**5/20 - 3*l**4/4 + 5*l**3/6 + 7*l**2/2 + 2224*l + 1. Suppose 10 = -4*m + 42. Give h(m).
-17
Let o(q) = -2*q**2 - 24*q + 28. Let p be o(-13). Suppose 7 = p*z - 1. Let c(m) = -m**2 + m + 4. Give c(z).
-8
Let h(q) be the first derivative of 7*q**2/2 + 15*q - 104. Give h(-7).
-34
Let h(d) = -5*d**2 - 7*d - 20. Let u(v) = 4*v**2 + 6*v + 14. Let z(b) = -7*h(b) - 9*u(b). Let r = -14 + 7. Calculate z(r).
0
Suppose -8*u - 240 = -256. Let p(q) = -14 - u*q**2 - 12 + 31 + 14*q. Calculate p(7).
5
Let p be 2/11 - 38*(-11)/(726/24). Let w(x) be the first derivative of -x**3/3 + 7*x**2 - 14*x - 6. Determine w(p).
-14
Let i(u) = -u**2 + 8*u + 16. Let d be i(10). Let q be 0 + d + 2 + -20. Let v = 16 + q. Let z(w) = w**2 + 4*w - 5. Give z(v).
7
Suppose 2*d - 1042 = -2*h, -225 = -2*d + 4*h + 847. Let w(c) = 7*c**2 - 527*c**3 - 4 + d*c**3 - 1 - c. Determine w(7).
-12
Let q(f) = -4*f + 64. Let c(y) = 3*y**3 - 92*y**2 - 22*y - 266. Let r be c(31). Calculate q(r).
12
Let n = 5 - 3. Let z(a) = -755*a**n - a**3 + 750*a**2 + 4*a - a + 4. Give z(-4).
-24
Let t(a) be the first derivative of a**4/4 - 5*a**3/3 - 7*a**2/2 + 2*a + 50. Suppose 0 = -5*x + 52 - 2. Suppose -36 = x*h - 96. Determine t(h).
-4
Let j(z) be the second derivative of -z**6/360 - 7*z**5/120 - 7*z**4/24 - 61*z**3/3